s digit of f - (-3 + -3 + -6)?
1
Let p = -237 + 471. What is the units digit of p?
4
Let z = -604 - -1192. What is the hundreds digit of z?
5
Let k(u) = 7*u**3 - u**2 + u + 1. Let j be k(-1). What is the units digit of 0 + 2 + -1 - (j - 41)?
0
Let y = 2012 - 1691. What is the hundreds digit of y?
3
Let y = -1249 - -2562. What is the tens digit of y?
1
Suppose 2*u + 11 = 3*u. Suppose u = 4*n - 9. Suppose 0 = -n*b - 10 + 95. What is the tens digit of b?
1
Let g(z) = -z + 5. Let t be g(5). Suppose -4*y + 384 = -2*o, y + t*y + 2*o - 106 = 0. Let s = -63 + y. What is the units digit of s?
5
Let w(c) = -c**3 + 6*c**2 - 6*c - 1. Suppose -5 = 4*h - 73. Let o(i) = -i + 21. Let r be o(h). What is the units digit of w(r)?
7
Let j(o) = 62*o**2 + 16*o - 35. What is the tens digit of j(3)?
7
Let j = -340 - -656. What is the tens digit of j?
1
Let b = 363 + -196. What is the hundreds digit of b?
1
Suppose -2*f + 5*r + 169 = 20, -74 = -f + 3*r. Let j = f - 31. What is the units digit of j?
6
Let k(r) be the first derivative of -r**4 + r**3/3 + r**2/2 + 6*r + 2. What is the units digit of k(-3)?
0
Suppose 0 = -3*w - 2*w + 10. Suppose m + 346 = w*m. Suppose o - 100 = 5*l - m, 0 = 3*l - 4*o - 151. What is the tens digit of l?
4
Suppose 4*v + y - 8 = 0, 0*v + 2*y + 10 = 5*v. Suppose -s + 34 = -4*d, -1 = v*d - 5. What is the tens digit of s?
4
Let g be (-5)/30 + (-2738)/(-12). Let k = g - 161. What is the units digit of k?
7
Suppose 2*y + 2*w - 8806 = 3*w, -5*y + 22012 = -4*w. What is the tens digit of y?
0
Suppose -8*o + 4 = 4*z - 4*o, z - 11 = 4*o. Suppose -4*r - 4*m - m = -343, 2*m = -z*r + 252. What is the tens digit of r?
8
Suppose 0 = 15*w + 92 + 418. Let s = 89 + w. What is the units digit of s?
5
Suppose -52598 = -130*z + 104*z. What is the hundreds digit of z?
0
Suppose 0 = 4*b - 632 - 596. Let c = b - 815. What is the units digit of c/(-7) - 20/35?
2
Let j = 1940 + -240. What is the tens digit of j?
0
Let a = -37 - -32. What is the units digit of a/2*10592/(-80)?
1
Let w = -4938 - -7447. What is the hundreds digit of w?
5
Let k(j) = 10*j**2 + 1. Suppose -2*l - g = 87, 2*l - 2*g = 3*g - 93. Let d be (l/20 + 2)*-5. What is the tens digit of k(d)?
1
Let s be (1 + 3 + -5)*1. What is the tens digit of 233 - ((-25)/(-5))/s?
3
Suppose -19 = -4*d - 3, 2*d + 19 = -3*b. Let x = 3 + b. Let f = x - -12. What is the units digit of f?
6
Let a(d) = -14*d**2 - 16*d - 8. Let m be a(-7). What is the hundreds digit of (3 + 0)*m/(-6)?
2
Let m = -1051 + 2378. What is the thousands digit of m?
1
Let x be (-2)/(-5) - 16/(-10). Let a(n) = 2*n**2 - 12*n + 42. Let f be a(7). Suppose -50 = -x*l + f. What is the units digit of l?
3
Let a be ((-13)/39)/((-1)/12). Suppose a*i - 335 = -3*q, 3*i + 5*q - q = 260. What is the units digit of i?
0
Let z = 44 - 28. Suppose -24 = -5*g - 2*v + z, 0 = -3*g + 4*v - 2. What is the tens digit of (-356)/(-8) + (-9)/g?
4
Suppose -3*h + 0*h = w - 3148, -3*h - 5*w = -3128. What is the thousands digit of h?
1
Suppose 2*x = -x - 732. Let s = -148 - x. What is the tens digit of s?
9
Let u(z) = z**3 + 9*z**2 + 12*z - 7. Let m be u(-7). Let g(j) = -j**2 + 9*j. What is the units digit of g(m)?
4
Suppose -3 - 432 = -3*p. Suppose 10 + p = 5*u. What is the tens digit of u?
3
Let m(f) = -5*f - 1. Suppose 16 = 4*r - 16. Suppose -3*d + 8 = -r*d - b, -4*b = 3*d - 2. What is the units digit of m(d)?
9
Let c(o) = -12*o - 93. What is the units digit of c(-12)?
1
Let h(d) = 108*d**2 - 8*d + 7. What is the hundreds digit of h(2)?
4
What is the tens digit of ((-418)/18 + (-12)/(-54))*-10?
3
Let r be (1 - -18)/(24/22 + -1). What is the units digit of 6/3 + r + 4?
5
Let m = -156 - -573. What is the tens digit of m?
1
Suppose 6*u - 3*u - 4*s = 4406, 1467 = u - s. What is the hundreds digit of u?
4
Let v be (-3 - 20/(-4))*1. Suppose j - 3*j = -v. What is the units digit of j*(0 - (-69)/3)?
3
Let c = -230 + 232. Let r(w) = 11*w - 5 + 2 - 2. What is the units digit of r(c)?
7
Let x(k) = -23*k + 96. What is the hundreds digit of x(-10)?
3
Suppose -19*w + 16048 + 1413 = 0. What is the tens digit of w?
1
Suppose 8*i - 610 = 4*i - x, -620 = -4*i + 4*x. What is the tens digit of i?
5
Suppose 216*p = 221*p - 1605. What is the units digit of p?
1
Let f(l) = l**2 + 1. Let n(m) be the first derivative of -m**4/4 - 4*m**3 + m**2 + 8*m + 8. Let i(w) = -2*f(w) - n(w). What is the units digit of i(-10)?
0
Let j(q) = -14*q + 5*q + 12*q + 12. What is the tens digit of j(9)?
3
Let o be (-95)/4 - (-11)/(-44). Let z = 26 + o. What is the units digit of (-1 - z - 0) + 24?
1
Let k be 3*9*(2 + 1). Suppose -190 = -5*x + 5*g, 2*x = 4*g + 48 + 20. Let s = k - x. What is the units digit of s?
9
Let r(i) = i + 5. Let j be r(-4). Let x(y) = 5*y**2 + 1. Let v be x(j). Suppose -l + 4 = -v. What is the tens digit of l?
1
Let c(j) = j**3 - 10*j**2 - 2*j + 9. Let l be c(5). Let n = -80 - l. What is the tens digit of n?
4
Let w = 414 + -111. What is the tens digit of w?
0
Suppose n - 10 = -i, 2*n + n + 2*i - 29 = 0. Suppose -4*w + 0*w - 3*s + 319 = 0, n = -3*s. What is the units digit of w?
2
Suppose 0 = -j + 5*s + 25, 7*j - 3*j = -s + 205. Let m = j + 48. What is the tens digit of m?
9
Suppose 3*s - 18 - 23 = -i, 4*i + 4*s - 140 = 0. Let z = -101 + i. What is the tens digit of -1*6*z/9?
4
Let w = 2 + 1. Let o be (-1 - -3) + 323/19. Suppose w*t - u - 57 = -0*t, 0 = -t - u + o. What is the tens digit of t?
1
Let y = -15 - -17. Suppose 0 = 3*x + 4*k + 20, -8 - y = -x + 2*k. Suppose -s + 4*s - 51 = x. What is the units digit of s?
7
Suppose -15 = -14*m + 11*m. Suppose -i + 79 = m*p, i + i = 5*p - 67. Let y = p - -28. What is the tens digit of y?
4
Let y(k) be the first derivative of -k**4/4 + k**3/3 + k**2/2 + 4*k - 7. Let p be y(0). Let h(z) = -z**3 + 6*z**2 - 8*z + 8. What is the units digit of h(p)?
8
Let g be 2/(-4) - 71/2. Let i be (2*2)/((-9)/g). Let s = i + -1. What is the units digit of s?
5
Suppose -870 = 15*k - 20*k. Suppose -3*u + 102 = -k. Suppose 8 + u = 3*c + n, 5*n = -5*c + 150. What is the tens digit of c?
3
Let r = 8 - 34. Let b = r - -28. What is the units digit of b?
2
What is the tens digit of (442/2)/((-2)/(-4))?
4
Suppose -5*x = 4*l - 644 - 1296, x + 3*l = 377. What is the hundreds digit of x?
3
Suppose 2*m = 3*o + 1059, -6*o = 2*m - 5*o - 1063. What is the tens digit of m?
3
Suppose 0 = m + 3*m - 20. Let s be m - (-12)/(-4) - 15. Let u = 18 + s. What is the units digit of u?
5
Let h(g) = -g**3 - 12*g**2 - 2. Let q be h(-12). Let v be (-6)/q + -3 + -9. What is the tens digit of (v/6)/((-9)/354)?
5
Suppose -48 = 6*x - 9*x. Suppose 0 = -2*h + b + 30, 11 = 3*h + 3*b - x. What is the units digit of h?
3
Let r(n) = 124*n**3 + n**2 + n + 1 - 216*n**3 + 0*n**2. What is the tens digit of r(-1)?
9
Let r(y) = -5*y - 44. Let j be r(-8). What is the units digit of j/22 - (-2052)/33?
2
Let f(v) = -v**2 - 7*v - 7. Let z be f(-4). Suppose -z*p = 25, 0*k - 355 = -3*k + 5*p. What is the units digit of k?
0
Let b = 103 - 45. Let q = b + -27. What is the tens digit of q?
3
Let k be (-10)/55 + 90/11. Let c = -12 + k. What is the units digit of (c + 216)*(-1)/(-4)?
3
What is the tens digit of 2451 + (-1)/(-4)*36?
6
Let w(k) = 5*k**2 - k - 4. Let d(o) = o. Let r(a) = -6*d(a) + w(a). What is the units digit of r(4)?
8
Let q = 92 - -3. Suppose 8*c = 4*c + 24. Suppose -c*x = -x - q. What is the units digit of x?
9
Let q(y) = y**2 - 21*y + 5. Suppose 0 = 2*f - 3*p - 31, f = -3*p + 4 + 34. What is the units digit of q(f)?
1
Suppose 4*f - 3*i + 12 = -7*i, 4*f + i - 3 = 0. Suppose -f*x = -26 - 26. What is the units digit of x?
6
Let z = -46 + 48. Suppose -4*i = -5*n - 24 - 491, 0 = -5*i + z*n + 648. What is the tens digit of i?
3
Suppose -5*r + 2*o = 42 + 25, -5*o - 21 = 2*r. Let a(j) = j**2 + 18*j - 2. Let s(d) = d. Let v(h) = -a(h) + 5*s(h). What is the units digit of v(r)?
2
Let o(d) = d**2 - 12. Let k be o(-4). What is the tens digit of 1 + k/2 - -86?
8
Suppose -2*c - 26 - 1 = -k, 0 = c - 3*k + 26. Let j = c + 11. Suppose h + 4*h - 4*p - 137 = j, -155 = -5*h - 5*p. What is the units digit of h?
9
Suppose -5608 - 1676 = -4*n. What is the tens digit of n?
2
Suppose 14*c - 2*c = 5928. What is the tens digit of c?
9
Let x = 261 - -27. Let l = x + -176. What is the units digit of l?
2
Suppose -651*i = -649*i - 23